t are the prime factors of 604777382?
2, 11, 53, 331, 1567
List the prime factors of 2716627984.
2, 7, 79, 307033
What are the prime factors of 48665810?
2, 5, 4866581
List the prime factors of 23261145.
3, 5, 41, 109, 347
List the prime factors of 2746430869.
7, 13, 17, 6143
What are the prime factors of 5307984344?
2, 13, 23, 53, 149, 281
List the prime factors of 153136882.
2, 76568441
What are the prime factors of 244406?
2, 122203
List the prime factors of 734393988.
2, 3, 47, 434039
List the prime factors of 2163268283.
11, 196660753
List the prime factors of 18543589.
23, 727, 1109
List the prime factors of 228919848.
2, 3, 479, 19913
List the prime factors of 229696199.
577, 398087
List the prime factors of 871506036.
2, 3, 24208501
List the prime factors of 20915228.
2, 331, 15797
What are the prime factors of 772737753?
3, 3121, 82531
What are the prime factors of 223392132?
2, 3, 173, 35869
List the prime factors of 1390507.
1390507
What are the prime factors of 5836891134?
2, 3, 149, 6528961
List the prime factors of 1593035272.
2, 2423, 82183
List the prime factors of 2984448.
2, 3, 29, 67
What are the prime factors of 297247787?
47, 1049, 6029
What are the prime factors of 1102743437?
17, 64867261
List the prime factors of 1239966.
2, 3, 7, 13, 757
What are the prime factors of 49795391?
23, 2165017
List the prime factors of 118562218.
2, 59281109
What are the prime factors of 923945196?
2, 3, 223, 345271
What are the prime factors of 42037518?
2, 3, 107, 65479
What are the prime factors of 92703374?
2, 46351687
What are the prime factors of 37474759?
7, 701, 1091
List the prime factors of 258265999.
258265999
What are the prime factors of 659854025?
5, 26394161
List the prime factors of 104857047.
3, 47, 247889
What are the prime factors of 109702415?
5, 21940483
List the prime factors of 283105.
5, 41, 1381
What are the prime factors of 264429607?
13, 20340739
List the prime factors of 144766852.
2, 19, 1904827
List the prime factors of 76931916.
2, 3, 6410993
List the prime factors of 2751960370.
2, 5, 157, 1752841
List the prime factors of 62319345.
3, 5, 11, 233, 1621
List the prime factors of 904430115.
3, 5, 19, 31, 34123
List the prime factors of 10680454.
2, 17, 53, 5927
List the prime factors of 55025068.
2, 7, 37, 53113
List the prime factors of 719232909.
3, 113, 2121631
List the prime factors of 89562893.
7, 83, 154153
List the prime factors of 121395405.
3, 5, 8093027
List the prime factors of 978838434.
2, 3, 7, 829, 9371
List the prime factors of 1488415517.
29, 51324673
What are the prime factors of 61643775?
3, 5, 431, 1907
What are the prime factors of 50727319?
3929, 12911
What are the prime factors of 1698638475?
3, 5, 19, 1192027
List the prime factors of 1579305.
3, 5, 7, 13, 89
List the prime factors of 18388248.
2, 3, 766177
List the prime factors of 4699426923.
3, 197, 883517
What are the prime factors of 820331446?
2, 11, 193, 193201
List the prime factors of 57791840.
2, 5, 17, 21247
List the prime factors of 1114027257.
3, 7, 29, 149, 12277
What are the prime factors of 4533740229?
3, 1511246743
What are the prime factors of 6829074?
2, 3, 7, 83, 653
List the prime factors of 615938769.
3, 22812547
List the prime factors of 4851994175.
5, 7, 27725681
List the prime factors of 32225751.
3, 61, 58699
What are the prime factors of 39022910?
2, 5, 3902291
List the prime factors of 3079031804.
2, 23, 1455119
List the prime factors of 30482091.
3, 3386899
List the prime factors of 163976569.
163976569
List the prime factors of 115675505.
5, 11, 37, 56843
What are the prime factors of 102606130?
2, 5, 11, 932783
What are the prime factors of 3770221743?
3, 293, 383, 3733
What are the prime factors of 6080750337?
3, 8447, 239957
List the prime factors of 1575436424.
2, 1289, 152777
List the prime factors of 232315489.
7, 17, 19, 37, 2777
List the prime factors of 1930710952.
2, 71, 443, 7673
What are the prime factors of 151483098?
2, 3, 13, 1942091
List the prime factors of 345550064.
2, 43, 421, 1193
List the prime factors of 38030447.
7, 13, 43, 9719
What are the prime factors of 4034521735?
5, 806904347
What are the prime factors of 10381687?
1877, 5531
List the prime factors of 2450190610.
2, 5, 7, 5000389
What are the prime factors of 5188937282?
2, 2594468641
What are the prime factors of 661432083?
3, 13, 16959797
List the prime factors of 19296586.
2, 23, 419491
What are the prime factors of 24156074?
2, 151, 79987
What are the prime factors of 411260197?
179, 2297543
What are the prime factors of 229522218?
2, 3, 43, 131, 6791
List the prime factors of 132308355.
3, 5, 457, 19301
List the prime factors of 4049163947.
29, 139626343
What are the prime factors of 7231876639?
13, 101, 5507903
What are the prime factors of 61612418?
2, 7, 521, 8447
List the prime factors of 850135407.
3, 11, 23, 1120073
What are the prime factors of 22695846?
2, 3, 73, 51817
List the prime factors of 372951029.
11, 89, 380951
List the prime factors of 364070453.
17, 83, 258023
What are the prime factors of 1187843264?
2, 37, 501623
List the prime factors of 2716197361.
131, 2129, 9739
What are the prime factors of 3431917276?
2, 919, 933601
What are the prime factors of 208387909?
593, 351413
What are the prime factors of 499574085?
3, 5, 251, 132689
List the prime factors of 27507688.
2, 13, 59, 4483
What are the prime factors of 1271949399?
3, 7, 320471
List the prime factors of 121054894.
2, 60527447
List the prime factors of 28009505.
5, 29, 6661
What are the prime factors of 134080752?
2, 3, 13, 151, 1423
List the prime factors of 4048457220.
2, 3, 5, 7497143
What are the prime factors of 407435970?
2, 3, 5, 13581199
What are the prime factors of 463422122?
2, 19, 283, 43093
List the prime factors of 1346891465.
5, 269378293
What are the prime factors of 170778629?
7, 89, 274123
List the prime factors of 1677629698.
2, 83, 10106203
What are the prime factors of 41004741?
3, 13668247
What are the prime factors of 35326083?
3, 13, 37, 24481
What are the prime factors of 164003406?
2, 3, 7, 73, 149, 359
List the prime factors of 11290389.
3, 11, 19, 1637
What are the prime factors of 611849826?
2, 3, 7, 4855951
What are the prime factors of 14662420?
2, 5, 41, 17881
What are the prime factors of 212026454?
2, 106013227
What are the prime factors of 19455581?
97, 200573
What are the prime factors of 39076515?
3, 5, 157, 5531
What are the prime factors of 2561168131?
53, 48323927
List the prime factors of 376779208.
2, 13, 31, 116867
List the prime factors of 269403972.
2, 3, 191, 117541
List the prime factors of 31641924.
2, 3, 83, 31769
What are the prime factors of 59909887?
17, 31, 79, 1439
What are the prime factors of 127250955?
3, 5, 13, 37, 5879
What are the prime factors of 14468490?
2, 3, 5, 41, 1307
List the prime factors of 130290046.
2, 41, 1588903
List the prime factors of 30970907.
11, 73, 38569
What are the prime factors of 137600048?
2, 173, 49711
List the prime factors of 137265500.
2, 5, 19, 14449
What are the prime factors of 191541329?
7, 17, 257, 6263
List the prime factors of 144895204.
2, 89, 353, 1153
List the prime factors of 165052339.
31, 257, 20717
List the prime factors of 272736153.
3, 1122371
List the prime factors of 22849931.
13, 1757687
List the prime factors of 5707960777.
31, 1069, 172243
What are the prime factors of 311823490?
2, 5, 11, 2834759
What are the prime factors of 1862301303?
3, 41, 1753, 2879
List the prime factors of 26856870.
2, 3, 5, 23, 38923
What are the prime factors of 15646103?
11, 17, 31, 2699
What are the prime factors of 1337890237?
67, 197, 101363
What are the prime factors of 628876219?
628876219
What are the prime factors of 7274577093?
3, 7, 73, 139, 4877
What are the prime factors of 49165961?
13, 113, 33469
List the prime factors of 923088173.
7, 37, 61, 58427
What are the prime factors of 50397366?
2, 3, 8399561
List the prime factors of 557168682.
2, 3, 7, 13265921
What are the prime factors of 56321521?
733, 76837
What are the prime factors of 261204425?
5, 10448177
What are the prime factors of 639677608?
2, 37, 229, 9437
List the prime factors of 91851266.
2, 13, 3532741
List the prime factors of 1253419661.
13, 23, 4192039
What are the prime fa